 q(t) = -t**2 - 76*t + 88. What is the remainder when q(-59) is divided by 26?
25
Suppose j = 2*v + 2*j - 27, 0 = 4*v + 3*j - 57. Let i = 91 - v. Let m = 124 - i. Calculate the remainder when m is divided by 12.
9
Suppose 69 = k + 3*f - 15, -264 = -3*k - 3*f. Suppose 4*m + 4*g = 84, -m - 2*g + k = 3*m. Calculate the remainder when m is divided by 13.
11
Let q = 904 + -797. Calculate the remainder when q is divided by 50.
7
Suppose -8*s - 133 = -9*s. Suppose s = 6*m - 11. What is the remainder when 47 is divided by m?
23
Suppose -4*l = -6*l - 4, -5*b + 5*l + 100 = 0. What is the remainder when 287 is divided by b?
17
Suppose 2*t + 4*w - 298 = 0, 3*t + 13*w - 12*w = 427. What is the remainder when t is divided by 39?
24
Suppose 4*i - i = -87. Let w = 52 + i. Suppose 40*t - 3870 = -3*t. Calculate the remainder when t is divided by w.
21
Let h(a) be the third derivative of a**5/30 - a**4/12 + 29*a**3/6 - 40*a**2. Calculate the remainder when h(-10) is divided by 42.
39
Let g = 11 + 5. Suppose 0 = -4*w + a + 173 + 11, 4*w + a = 176. Calculate the remainder when w is divided by g.
13
Let u(q) = 13*q - 374. What is the remainder when 47 is divided by u(30)?
15
Suppose -3*b + 44 = 4*r + b, 4*r - b = 29. Suppose -40 + 16 = -4*w. Suppose -79 = -w*g - 7. What is the remainder when g is divided by r?
4
Suppose 10*r - 2*r = 128. Calculate the remainder when 62 is divided by r.
14
Suppose 1 = 7*g - 48. Suppose 0 = -i - g + 18. Let p(o) = 4*o**3 - o + 1. What is the remainder when p(2) is divided by i?
9
Suppose 0 = 85*w - 79*w - 246. Calculate the remainder when w is divided by 11.
8
Let r = -26 + 28. Let s(t) = 11*t + 3. Calculate the remainder when 72 is divided by s(r).
22
Let f(k) = -5*k - 25. Let m be f(-9). Suppose -m*v + 17*v = -159. Calculate the remainder when 104 is divided by v.
51
Let i(q) = -q**3 + 6*q**2 + 4*q - 10. Let o = -16 + 22. What is the remainder when 34 is divided by i(o)?
6
Let c = -6 + 15. Let n = c - 3. Suppose -t + 0*d = 4*d + 9, 0 = t + d - n. Calculate the remainder when 42 is divided by t.
9
Let h be -2 + -2 + (-16)/(-4). Let s(x) = -x**2 + x - 6. Let u be s(h). Calculate the remainder when 1/((-1)/u) + 1 is divided by 3.
1
Suppose 0 = 4*c + 3*k - 65, -2*c - k + 24 = -11. Calculate the remainder when 25 is divided by c.
5
Suppose 8*x + 431 = 1023. Calculate the remainder when 1180 is divided by x.
70
Let w(d) = 4*d**2 + 3*d - 1. Let g = 2 + 0. Suppose 0 = i - 41 + g. Calculate the remainder when i is divided by w(2).
18
Let t(c) = -c**3 + 8*c**2 - 7*c - 5. Let x be t(8). Let a = -36 - x. Calculate the remainder when a is divided by 7.
4
Suppose 22*c = 17*c - 15, 246 = v + c. Calculate the remainder when v is divided by 63.
60
Let y = 26 + -18. Let a be 39 + -4 + y + -6. Let t = a + -26. What is the remainder when t is divided by 3?
2
Let n(i) = 54*i**2 + 9*i + 18. What is the remainder when n(5) is divided by 59?
56
Suppose -9*b = -b - 8. What is the remainder when 29 is divided by (-3)/(-7) + ((-78)/(-14))/b?
5
Let u = 48 - 9. Suppose -36 - u = -5*s. What is the remainder when 57 is divided by s?
12
Let o = -29 - -49. Suppose -5*f + 108 = 3*c - f, -3*f = 3*c - 108. Calculate the remainder when c is divided by o.
16
Let y = -6 - -8. Suppose 52 - 14 = y*w. What is the remainder when 74 is divided by w?
17
Let w = 932 + -930. What is the remainder when 84 is divided by w?
0
Suppose 3*f - 224 = 4*j, -3*f + 6*j - 3*j + 222 = 0. Let z = f - 16. Calculate the remainder when z is divided by 20.
16
Let c = 263 + -188. Let n = c + 8. Calculate the remainder when n is divided by 12.
11
Let y(c) = -6*c + 214. Calculate the remainder when y(-39) is divided by 41.
38
Let j(v) = -v**3 - 5*v**2 + 7*v + 7. Suppose -33*u = -34*u + 3, 0 = -2*b + 2*u - 2. Calculate the remainder when b is divided by j(-6).
0
Calculate the remainder when 51 is divided by -1*(-108)/21*42/12.
15
Suppose 3*w - 11*c + 7*c = 181, -263 = -5*w - 3*c. What is the remainder when 158 is divided by w?
48
What is the remainder when (-6)/4*15/((-120)/1072) is divided by 12?
9
Suppose 6*t + 64 = 5*m + 2*t, 3*m = -4*t + 32. Suppose -a - 12*q = -8*q - 33, q + 132 = 4*a. What is the remainder when a is divided by m?
9
Suppose 0 = 2*i - 42 - 10. Calculate the remainder when (-3)/(-18)*3*i is divided by 5.
3
Calculate the remainder when (-736)/69*(-102)/4 - 4 is divided by 27.
25
Let v(q) = -q**2 - 10*q - 9. Let a be v(-6). Let i = a + 4. Let p = i - 6. What is the remainder when 38 is divided by p?
12
Calculate the remainder when 539 is divided by 58 + (4 + 2 - 4).
59
Suppose -3*w = 2*i - 34, 12*w = -i + 14*w + 3. Calculate the remainder when 305 is divided by i.
8
Let b be (-15)/(-9) - (-4)/12. Suppose 2*g - 57 = -g. What is the remainder when (-3)/b*(-54 + 4) is divided by g?
18
Suppose -4*n + 3*u = -87 - 71, 4*u = -2*n + 68. What is the remainder when n is divided by 23?
15
Let t = -71 - -46. Calculate the remainder when 55 is divided by 10/(-25)*(t - 0).
5
Let s = -287 + 304. Calculate the remainder when s is divided by 15.
2
Let w(y) = -2*y**2 - 89*y + 21. What is the remainder when w(-42) is divided by 34?
27
Suppose 0 = t - 2*w + 5 - 85, -4*w + 80 = t. Calculate the remainder when (-64)/t - 238/(-10) is divided by 12.
11
Calculate the remainder when (-42)/(-105)*3140/8 is divided by 84.
73
Let o(g) be the third derivative of -g**6/120 - 7*g**5/60 - g**4/12 - g**3/6 + 6*g**2. What is the remainder when 22 is divided by o(-7)?
9
Let u = 57 - 57. Suppose u*k + 4*k = -v + 387, 3*v = -3*k + 279. What is the remainder when k is divided by 25?
23
What is the remainder when (-80)/14*(0 + -7) is divided by (23 - (0 + 0)) + 16/(-8)?
19
Suppose 0 = 5*i + 5 - 10. What is the remainder when 24 is divided by i?
0
Let d = 4 - -9. Suppose 4*q - 2*t = 12, 4*q + 3*t = t + 12. What is the remainder when d is divided by q?
1
Suppose -p = -2*p - y, -3*p + 4*y = -14. Suppose 0 = -5*o - 4*v + 143, p*o - o - v = 34. Calculate the remainder when o is divided by 20.
11
Let l be 2/(-4) - (-355)/10. Let q(f) = f**3 - 9*f**2 + 14*f + 9. Let n be q(7). Let b = l - n. Calculate the remainder when b is divided by 10.
6
Let v = 151 + -17. What is the remainder when v is divided by 34?
32
Suppose 667 = -4*b + 979. Calculate the remainder when b is divided by 10.
8
Suppose 0*t + 4*b = -2*t - 124, 346 = -5*t - b. Let v = t + 77. What is the remainder when 47 is divided by v?
5
Let a(z) = 38*z - 283. Calculate the remainder when a(10) is divided by 9.
7
Calculate the remainder when 78 is divided by (-20 - -16)*25/(-20).
3
Suppose 0*c - x - 113 = -5*c, -4*c + 90 = -x. What is the remainder when 312 is divided by c?
13
Let y(v) = -4*v + 4. Let l be y(1). Suppose 5*x - 2*r - 2*r - 25 = l, -2*x = -r - 13. What is the remainder when x is divided by 2?
1
Let m(w) = w**2 + 2*w - 1. Let s(q) = -7*q**3 + 2*q - 1. Let f be s(1). Let u = -3 - f. Calculate the remainder when m(2) is divided by u.
1
Let x(y) = -5*y - 2. Let o be x(-1). Calculate the remainder when 9*o/18*-2 - -69 is divided by 34.
32
Suppose 1 + 0 = m. What is the remainder when (-492)/(-9) + ((-24)/9 - -2) is divided by ((-19)/2)/(m/(-2))?
16
Let a = 497 - 356. Calculate the remainder when a is divided by 75.
66
Suppose 11 = 5*v + 1. Suppose 3*w - 43 = v*w. Suppose 15 = u + o - 0, 2*o = 2*u - 14. What is the remainder when w is divided by u?
10
Let n = -33 - -64. Calculate the remainder when 53 is divided by n.
22
Let z(c) = -2*c - 17. Let d be z(-9). Suppose 5*v - 2*h - d = 4*v, -2*h = -4. Calculate the remainder when v is divided by 2.
1
Let z(n) = n**3 - 3*n**2 - 4*n + 3. Suppose -15 = 5*x, -3*u + 2*u + 5*x + 20 = 0. What is the remainder when u is divided by z(4)?
2
Suppose -250 = -3*q - 2*q. What is the remainder when 247 is divided by q?
47
Let g = -38 + 66. What is the remainder when 70 is divided by (-36)/1*(-14)/g?
16
Suppose 2*r = -4*d + 16, -d + 15 = r + 3. Let g(b) = 7*b**3 - 10*b**2 - 6*b + 2. Calculate the remainder when r is divided by g(2).
4
Let h(b) = 100*b + 21. Calculate the remainder when h(2) is divided by 87.
47
Suppose 30*g - 169 = 11. Suppose 2*n + 2*l - 16 = -2*l, 4*n + l = 18. Calculate the remainder when g is divided by n.
2
Suppose 0 = -2*z - 3*z. Suppose 4*d - 17 - 19 = z. Let x(v) = -v**3 + 8*v**2 + 10*v. What is the re